22111 + 303?
123020
In base 13, what is -83 - -1519?
1466
In base 16, what is -559bb + 4?
-559b7
In base 4, what is 2230222 - -13?
2230301
In base 8, what is -652 - -622?
-30
In base 6, what is 2010 - -152?
2202
In base 12, what is 4 + -12036?
-12032
In base 16, what is 5 + -a2f3?
-a2ee
In base 16, what is -5649 + 1?
-5648
In base 4, what is 10 - -112202231?
112202301
In base 2, what is -1111101 - 10100110101?
-10110110010
In base 16, what is -2 + 293?
291
In base 14, what is 8 + -d9b5?
-d9ab
In base 2, what is 1 - 1111111011110111?
-1111111011110110
In base 8, what is 706 - -336?
1244
In base 7, what is 6604004 - -2?
6604006
In base 9, what is 3765 + 4?
3770
In base 13, what is -1 - 2412b4?
-2412b5
In base 10, what is -315606 - 5?
-315611
In base 11, what is 1 - -18723?
18724
In base 13, what is -48 - -5c?
14
In base 11, what is -97213 - -27?
-97197
In base 9, what is 18301 + -158?
18132
In base 12, what is -52 - -4238a?
42338
In base 9, what is 106117 + 6?
106124
In base 16, what is 1c + 16ab?
16c7
In base 8, what is -466 - -4116?
3430
In base 11, what is 1 - 44a2?
-44a1
In base 3, what is -10000220021 - -1122?
-10000211122
In base 10, what is -58500 + 0?
-58500
In base 3, what is 21212202 - -102?
21220011
In base 4, what is -200 + -33122?
-33322
In base 2, what is 101 - -10010100110001?
10010100110110
In base 3, what is 101212 - 10110?
21102
In base 2, what is 1110011110100 - -10011111?
1110110010011
In base 5, what is -241111 + -3033?
-244144
In base 6, what is 0 + 3141443?
3141443
In base 16, what is 4 + -2223?
-221f
In base 5, what is -14 - -321031?
321012
In base 8, what is -5 + -272602?
-272607
In base 5, what is -12133230 - 2?
-12133232
In base 11, what is 431 + -86?
356
In base 5, what is -1142 - -22040?
20343
In base 5, what is -24042444 - -4?
-24042440
In base 9, what is 12 + 22602?
22614
In base 12, what is 275 - 7509?
-7254
In base 10, what is -803117 - -1?
-803116
In base 7, what is -111251 - -54?
-111164
In base 2, what is 11 - 1100100101010?
-1100100100111
In base 16, what is -4f + -9c9?
-a18
In base 6, what is 30132 + -12?
30120
In base 5, what is -13132 + -12132?
-30314
In base 4, what is 113 - 112230033?
-112223320
In base 15, what is -392 + 3?
-38e
In base 7, what is 1 - 35033?
-35032
In base 12, what is 4 + 46348?
46350
In base 7, what is -365640 - -1?
-365636
In base 4, what is -1001221 + 201?
-1001020
In base 15, what is 3 - 178a?
-1787
In base 2, what is 1001 - -100100011011?
100100100100
In base 14, what is 0 + -b557?
-b557
In base 15, what is 2 - 2a48c?
-2a48a
In base 6, what is -125 + 10205?
10040
In base 13, what is 9 + -4150?
-4144
In base 12, what is -156205b + 3?
-1562058
In base 2, what is -1000010100100 - 10111?
-1000010111011
In base 13, what is -78038 + 2?
-78036
In base 9, what is 3422220 - -3?
3422223
In base 3, what is 2112 + 212121001?
212200120
In base 4, what is 3 - -2103230?
2103233
In base 16, what is -6 - 6a31?
-6a37
In base 5, what is 2 + -322030443?
-322030441
In base 8, what is -5 - 42167?
-42174
In base 9, what is -1412647 - 4?
-1412652
In base 9, what is -33 + -15773?
-15816
In base 9, what is 18711 + 2?
18713
In base 15, what is -1843e2 + 5?
-1843dc
In base 5, what is -411234421 + -10?
-411234431
In base 6, what is 35005 - -144?
35153
In base 13, what is -a + -1a64?
-1a71
In base 8, what is -3 + 206576?
206573
In base 6, what is -425321 + 2?
-425315
In base 8, what is 5444 + 207?
5653
In base 6, what is -34 - 1035420?
-1035454
In base 10, what is 6 - -674?
680
In base 10, what is -51861 + -2?
-51863
In base 12, what is 633 + -23?
610
In base 7, what is 41 - -110166?
110240
In base 8, what is -2246 + -43?
-2311
In base 6, what is 22 + -1551242?
-1551220
In base 13, what is -2 + 802b3?
802b1
In base 11, what is 3 - -27881?
27884
In base 8, what is 56 - 4717?
-4641
In base 15, what is a + 2d50?
2d5a
In base 6, what is 3 + -130425?
-130422
In base 7, what is 3 + 3520465?
3520501
In base 2, what is 110 + 1011110011?
1011111001
In base 13, what is 77b + -180?
5cb
In base 5, what is -123 + -3330133?
-3330311
In base 12, what is 442b8 - -29?
44325
In base 5, what is 234400121 - -4?
234400130
In base 15, what is -1896 + -17?
-18ad
In base 14, what is 297 + -9?
28c
In base 4, what is -131130212223 - 11?
-131130212300
In base 14, what is -1d6 - c3?
-2b9
In base 7, what is -2643 + -1525?
-4501
In base 14, what is -d66 - -50?
-d16
In base 4, what is -311021 - 1110?
-312131
In base 7, what is -631 - 255?
-1216
In base 15, what is -1 + 32158?
32157
In base 14, what is -ab - 162?
-22d
In base 2, what is -10000000101001011000 - 10?
-10000000101001011010
In base 9, what is -5 - -652578?
652573
In base 11, what is 27764 + 5?
27769
In base 6, what is -445 - -111?
-334
In base 2, what is 100001111001 + 10010?
100010001011
In base 13, what is -7a44 - -88?
-7989
In base 7, what is -1606624 + 3?
-1606621
In base 2, what is 1000 - -10000111000101000001?
10000111000101001001
In base 9, what is -243361 - -16?
-243344
In base 5, what is 20 - -23330430?
23331000
In base 15, what is -c2a - 8?
-c33
In base 2, what is 1100010000 - 111?
1100001001
In base 16, what is -7 - -1db5b?
1db54
In base 14, what is -2a29 - -5?
-2a24
In base 13, what is 1 - 2904?
-2903
In base 8, what is -4 - 342744?
-342750
In base 3, what is 220010022021 + 12?
220010022110
In base 7, what is 15166 - 14?
15152
In base 4, what is 113000231302 - -10?
113000231312
In base 7, what is -5413 - 126?
-5542
In base 10, what is -9065 + 128?
-8937
In base 15, what is -12322a - -5?
-123225
In base 6, what is 1443 - -2234?
4121
In base 4, what is -12322 - 10120?
-23102
In base 12, what is -10 - 1847?
-1857
In base 15, what is -bee - 3?
-c02
In base 3, what is -1010 + -111211011?
-111212021
In base 5, what is -24102 + -12?
-24114
In base 14, what is 2 + d163?
d165
In base 4, what is 10112222 + 0?
10112222
In base 8, what is -4 - 522273?
-522277
In base 3, what is -1212010 - 1210?
-1220220
In base 2, what is 1 + -1011101110100101?
-1011101110100100
In base 15, what is -2a + -293?
-2bd
In base 3, what is -1 + 1021210020112?
1021210020111
In base 4, what is 11221 + 2230?
20111
In base 15, what is -4b5 + 6?
-4ae
In base 4, what is -1300 + -1031033?
-1032333
In base 8, what is 21 - -43622?
43643
In base 4, what is -2013221 - -3?
-2013212
In base 2, what is -111011001101100 + -100?
-111011001110000
In base 15, what is 0 + -222b?
-222b
In base 13, what is 91 + c5?
186
In base 9, what is -4 + -16186?
-16201
In base 14, what is -6cd - 10?
-6dd
In base 2, what is 10101111 - 1010101110?
-111111111
In base 4, what is 200220013 + -10?
200220003
In base 12, what is 6 - -1785a?
17864
In base 10, what is 3 + 6789?
6792
In base 7, what is -111 - -16236?
16125
In base 6, what is -453 - -10432?
5535
In base 8, what is 2157 + 101?
2260
In base 2, what is 10100101010101010 + 110001?
10100101011011011
In base 16, what is -36f - -1993?
1624
In base 2, what is 10000 + 100111001001101?
100111001011101
In base 8, what is 6120 + -5?
6113
In base 15, what is 12152 - -2?
12154
In base 11, what is 1 - -255171?
255172
In base 2, what is 1 + 11000110101001011?
11000110101001100
In base 2, what is -10 + -10111110100110?
-10111110101000
In base 6, what is 4554413 + 3?
4554420
In base 8, what is -17 - -176127?
176110
In base 6, what is -223002 - 1?
-223003
In base 3, what is -10 + 2010001010?
2010001000
In base 6, what is -1151145 - 22?
-1151211
In base 5, what is 30 + 2101434?
2102014
In base 7, what is -234 + -5654?
-6221
In base 14, what is 827ac - -5?
827b3
In base 10, what is -3 + 46897?
46894
In base 6, what is 42 - -2204350?
2204432
In base 3, what is 201 + -200011?
-122110
In base 3, what is -2 - 102101201?
-102101210
In base 16, what is 0 - -a702?
a702
In base 8, what is -300 + -13220?
-13520
In base 9, what is 1541 + -103?
1437
In base 11, what is 29 + -670a?
-6691
In base 4, what is 13 + 31230311?
31230330
In base 8, what is 1377 - 7?
1370
In base 11, what is -103 + -259?
-361
In base 12, what is 287 - -1b88?
2253
In base 13, what is -5 + -4081?
-4086
In base 13, what is 0 - c58?
-c58
In base 13, what is a9 + b5?
191
In base 2, what is -1011001100 + 10001?
-1010111011
In base 16, what is -64 + 102d7?
10273
In base 9, what is 1 - 7453?
-7452
In base 2, what is 1011001101000 - -10110110